?
True
Does 21 divide 6487928?
False
Does 492 divide 256950?
False
Is 1473 a factor of 15903499?
False
Is 32 a factor of 42433?
False
Is 1872225 a multiple of 159?
True
Does 14 divide 327689?
False
Is 3 a factor of 35729?
False
Is 1017772 a multiple of 223?
True
Is 43 a factor of 1410959?
True
Does 2336 divide 22329824?
True
Does 21 divide 183788?
False
Does 34 divide 2396806?
False
Is 216693 a multiple of 156?
False
Is 1065 a factor of 4312185?
True
Is 726 a factor of 794970?
True
Is 5 a factor of 137620?
True
Does 42 divide 736344?
True
Does 32 divide 2584153?
False
Does 53 divide 772634?
True
Does 1406 divide 6174818?
False
Does 362 divide 2746494?
True
Is 18729 a multiple of 9?
True
Is 165787 a multiple of 72?
False
Is 985586 a multiple of 623?
True
Is 225 a factor of 124741?
False
Does 4 divide 10772?
True
Is 34850 a multiple of 12?
False
Does 360 divide 4435382?
False
Is 349739 a multiple of 15?
False
Does 63 divide 81661?
False
Does 15 divide 587246?
False
Is 368706 a multiple of 16?
False
Is 962404 a multiple of 68?
True
Does 28 divide 2507037?
False
Is 8252 a multiple of 6?
False
Does 12 divide 3415224?
True
Does 92 divide 143980?
True
Is 214604 a multiple of 91?
False
Is 283 a factor of 951163?
True
Is 295 a factor of 9093670?
True
Is 35 a factor of 170589?
False
Does 1080 divide 459000?
True
Is 69 a factor of 158355?
True
Is 145 a factor of 104980?
True
Does 723 divide 623469?
False
Is 33 a factor of 530647?
False
Is 65184 a multiple of 224?
True
Is 34 a factor of 7904713?
False
Is 459196 a multiple of 38?
False
Is 41865 a multiple of 193?
False
Is 105 a factor of 1104495?
True
Does 108 divide 309198?
False
Is 434520 a multiple of 85?
True
Is 182 a factor of 165201?
False
Is 1537140 a multiple of 66?
True
Is 15 a factor of 1431172?
False
Is 1351560 a multiple of 28?
True
Does 71 divide 14815?
False
Is 340 a multiple of 2?
True
Does 1127 divide 2484207?
False
Is 83 a factor of 62665?
True
Is 787040 a multiple of 80?
True
Is 238873 a multiple of 73?
False
Is 319 a factor of 170665?
True
Does 4 divide 259292?
True
Is 6128878 a multiple of 78?
False
Is 13 a factor of 1167309?
True
Is 269550 a multiple of 6?
True
Is 1764597 a multiple of 3?
True
Is 382158 a multiple of 162?
True
Is 30 a factor of 26227?
False
Is 248692 a multiple of 79?
True
Is 20 a factor of 194783?
False
Is 12 a factor of 179606?
False
Does 67 divide 336608?
True
Is 66 a factor of 242352?
True
Is 1823369 a multiple of 379?
True
Is 23 a factor of 939629?
False
Is 846650 a multiple of 590?
True
Is 6 a factor of 89970?
True
Is 1034775 a multiple of 81?
True
Is 199420 a multiple of 118?
True
Is 4327642 a multiple of 859?
True
Does 20 divide 96740?
True
Is 445 a factor of 112585?
True
Does 12 divide 64662?
False
Does 72 divide 1161106?
False
Does 2080 divide 17340266?
False
Is 48110 a multiple of 34?
True
Is 235240 a multiple of 20?
True
Does 19 divide 137788?
True
Is 67416 a multiple of 106?
True
Is 351500 a multiple of 20?
True
Is 765926 even?
True
Is 319 a factor of 195866?
True
Does 9 divide 1411641?
True
Is 22 a factor of 1997647?
False
Is 424 a multiple of 23?
False
Is 15066 a multiple of 18?
True
Does 11 divide 79629?
True
Is 27072 a multiple of 47?
True
Is 685 a factor of 1891811?
False
Does 301 divide 27606?
False
Is 24991 a multiple of 15?
False
Does 53 divide 112360?
True
Is 11 a factor of 18589527?
True
Is 182 a factor of 4863404?
True
Does 158 divide 255960?
True
Does 9 divide 705438?
True
Is 53 a factor of 1559472?
True
Is 4123285 a multiple of 10?
False
Is 5 a factor of 178364?
False
Does 6 divide 862525?
False
Is 10 a factor of 205977?
False
Is 224 a factor of 2705131?
False
Is 125430 a multiple of 58?
False
Is 6 a factor of 4095010?
False
Is 39903 a multiple of 91?
False
Does 321 divide 8309406?
True
Does 14 divide 1053738?
True
Is 123642 a multiple of 3?
True
Is 134 a factor of 35829?
False
Is 345 a factor of 185610?
True
Is 112 a factor of 2253869?
False
Does 9 divide 5969079?
True
Is 13 a factor of 268645?
True
Is 160884 a multiple of 164?
True
Is 1755360 a multiple of 848?
True
Is 9 a factor of 176553?
True
Does 18 divide 677808?
True
Is 1313896 a multiple of 18?
False
Is 1095676 a multiple of 2?
True
Is 17 a factor of 15385?
True
Is 2282 a factor of 21521542?
True
Is 431 a factor of 3703583?
True
Is 274 a factor of 4923506?
True
Is 701571 a multiple of 49?
False
Is 883039 a multiple of 110?
False
Is 18609 a multiple of 23?
False
Is 51520 a multiple of 14?
True
Is 5 a factor of 4188800?
True
Does 316 divide 1398820?
False
Is 10 a factor of 170900?
True
Is 248 a factor of 975880?
True
Does 5 divide 72796?
False
Is 676892 a multiple of 427?
False
Is 23488 a multiple of 32?
True
Does 37 divide 90992?
False
Is 28 a factor of 2005976?
True
Does 30 divide 1877250?
True
Is 303 a factor of 374836?
False
Is 12 a factor of 18557?
False
Does 18 divide 168858?
True
Does 31 divide 3944099?
True
Does 130 divide 139127?
False
Is 6 a factor of 128522?
False
Is 389383 a multiple of 265?
False
Does 14 divide 4491354?
True
Is 832073 a multiple of 59?
False
Is 6767193 a multiple of 1774?
False
Is 194 a factor of 3153594?
False
Is 3575643 a multiple of 1685?
False
Is 229 a factor of 746320?
False
Does 8 divide 199400?
True
Is 1295108 a multiple of 298?
True
Is 117 a factor of 4003600?
False
Is 22 a factor of 1012?
True
Does 130 divide 17904894?
False
Is 12 a factor of 1117884?
True
Does 8 divide 161112?
True
Is 110 a factor of 7602?
False
Is 90816 a multiple of 344?
True
Is 64416 a multiple of 16?
True
Is 619279 a multiple of 161?
False
Is 215 a factor of 111370?
True
Is 18 a factor of 5676715?
False
Does 44 divide 149776?
True
Is 431805 a multiple of 27?
False
Is 234 a factor of 408564?
True
Does 220 divide 56857?
False
Is 212890 a multiple of 639?
False
Does 9 divide 250980?
False
Is 1306252 a multiple of 272?
False
Does 90 divide 9709436?
False
Is 71 a factor of 3857430?
True
Is 4645592 a multiple of 23?
False
Is 247 a factor of 181298?
True
Is 11 a factor of 3635786?
True
Is 37 a factor of 1233493?
False
Is 228 a factor of 350115?
False
Is 42 a factor of 33476?
False
Is 99866 a multiple of 23?
True
Does 7 divide 37535?
False
Is 1996989 a multiple of 327?
True
Does 54 divide 299868?
False
Does 177 divide 935091?
True
Does 9 divide 151601?
False
Is 356230 a multiple of 70?
True
Does 123 divide 71582?
False
Is 2043000 a multiple of 12?
True
Does 37 divide 2866579?
False
Is 45 a factor of 2349765?
True
Does 266 divide 9774436?
True
Is 13 a factor of 1017477?
False
Does 49 divide 37877?
True
Is 1572368 a multiple of 278?
True
Does 133 divide 3295178?
False
Is 21305304 a multiple of 762?
False
Does 297 divide 4042764?
True
Is 22 a factor of 15327620?
True
Is 52 a factor of 150072?
True
Is 157 a factor of 6565112?
True
Does 6 divide 162678?
True
Is 17 a factor of 1144194?
False
Does 98 divide 59127?
False
Is 13 a factor of 126555?
True
Does 88 divide 684200?
True
Is 129 a factor of 493941?
True
Does 5 divide 55965?
True
Is 803267 a multiple of 17?
True
Is 62553 a multiple of 431?
False
Is 97250 a multiple of 389?
True
Is 10479042 a multiple of 63?
True
Does 11 divide 2935204?
False
Does 47 divide 6580388?
False
Is 27720 a multiple of 35?
True
Does 14 divide 101959?
False
Does 61 divide 146400?
True
Does 14 divide 400722?
True
Is 959 a factor of 12844997?
False
Is 8972640 a multiple of 402?
True
Does 8 divide 12476408?
True
Is 38 a factor of 1683438?
True
Does 146 divide 8709243?
False
Does 100 divide 292219?
False
Is 543244 a multiple of 26?
True
Is 3266 a multiple of 22?
False
Does 91 divide 92092?
True
Does 39 divide 241192?
False
Is 5 a factor of 3516525?
True
Is 553527 a multiple of 43?
False
Does 46 divide 4981570?
True
Does 389 divide 1275273?
False
Is 56665 a multiple of 27?
False
Does 36 divide 152748?
True
Does 321 divide 1929210?
True
Is 3515310 a multiple of 9?
True
Does 28 divide 203357?
False
Is 1267843 a multiple of 2?
False
Is 8 a factor of 10464?
True
Is 166416 a multiple of 6?
True
Is 154 a factor of 539605?
False
Does 4 divide 778646?
False
Is 237 a factor of 192427?
False
Is 15 a factor of 1144340?
False
Does 34 divide 913426?
False
Is 77 a factor of 38643?
False
Is 144361 a multiple of 9?
False
Is 5 a factor of 225166?
False
Does 356 divide 186900?
Tru